{"id":31,"date":"2021-07-17T09:49:14","date_gmt":"2021-07-17T09:49:14","guid":{"rendered":"https:\/\/demo.athemes.com\/botiga\/?post_type=product&#038;p=31"},"modified":"2024-09-13T15:45:22","modified_gmt":"2024-09-13T13:45:22","slug":"huile-de-noyau-de-datte","status":"publish","type":"product","link":"https:\/\/tvh.com.tn\/index.php\/produit\/huile-de-noyau-de-datte\/","title":{"rendered":"Huile de noyau de datte"},"content":{"rendered":"<p>Huile de noyau de datte est issue par premi\u00e8re pression \u00e0 froid. Sa couleur<br \/>\ntend vers le marron. Pour produire un litre d\u2019huile de noyau de datte il faut<br \/>\n120 KG de noyau. Ce qui explique sa raret\u00e9 et son prix \u00e9lev\u00e9.<br \/>\nL\u2019huile de noyau de datte a plusieurs vertus cosm\u00e9tiques\u00a0:<br \/>\n1) C\u2019est une huile nourrissante et hydratante, elle favorise l\u2019hydratation<br \/>\ncutan\u00e9e. Elle stimule la production du collag\u00e8ne, responsable de la<br \/>\nsouplesse et de la fermet\u00e9 de la peau.<br \/>\n2) Elle est R\u00e9g\u00e9n\u00e9rant \u00a0et\u00a0r\u00e9paratrice\u00a0: elle repart les dommages caus\u00e9s par le<br \/>\nstress oxydatif, pour cela elle stimule la d\u00e9fense naturelle de la peau<br \/>\n3) C\u2019est un antiseptique.<br \/>\n4) Aussi, c\u2019est un antioxydant naturel\u00a0: aide naturelle pour la peau contre les<br \/>\nradicaux libres. Et, ce gr\u00e2ce \u00e0 sa composition de vitamine E et A, et \u00e0 son<br \/>\ntoner en om\u00e9ga 6 et 9 qui permet de prot\u00e9ger, de nourrir et de<br \/>\nr\u00e9g\u00e9n\u00e9rer la peau<\/p>\n","protected":false},"excerpt":{"rendered":"<p>C\u2019est une huile nourrissante et hydratante, elle favorise l\u2019hydratation<br \/>\ncutan\u00e9e. Elle stimule la production du collag\u00e8ne, responsable de la<br \/>\nsouplesse et de la fermet\u00e9 de la peau.<\/p>\n","protected":false},"featured_media":508,"template":"","meta":[],"product_cat":[17],"product_tag":[],"class_list":{"0":"post-31","1":"product","2":"type-product","3":"status-publish","4":"has-post-thumbnail","6":"product_cat-cosmetics","8":"first","9":"instock","10":"shipping-taxable","11":"purchasable","12":"product-type-variable"},"_links":{"self":[{"href":"https:\/\/tvh.com.tn\/index.php\/wp-json\/wp\/v2\/product\/31","targetHints":{"allow":["GET"]}}],"collection":[{"href":"https:\/\/tvh.com.tn\/index.php\/wp-json\/wp\/v2\/product"}],"about":[{"href":"https:\/\/tvh.com.tn\/index.php\/wp-json\/wp\/v2\/types\/product"}],"wp:featuredmedia":[{"embeddable":true,"href":"https:\/\/tvh.com.tn\/index.php\/wp-json\/wp\/v2\/media\/508"}],"wp:attachment":[{"href":"https:\/\/tvh.com.tn\/index.php\/wp-json\/wp\/v2\/media?parent=31"}],"wp:term":[{"taxonomy":"product_cat","embeddable":true,"href":"https:\/\/tvh.com.tn\/index.php\/wp-json\/wp\/v2\/product_cat?post=31"},{"taxonomy":"product_tag","embeddable":true,"href":"https:\/\/tvh.com.tn\/index.php\/wp-json\/wp\/v2\/product_tag?post=31"}],"curies":[{"name":"wp","href":"https:\/\/api.w.org\/{rel}","templated":true}]}}